2?
102554
In base 4, what is -30 - -111121110?
111121020
In base 10, what is -439 + 4737?
4298
In base 12, what is 4 - -66236?
6623a
In base 10, what is -14 + 52507?
52493
In base 13, what is -8b601 + 1?
-8b600
In base 4, what is 11 - 231213?
-231202
In base 6, what is 2220543 - -12?
2220555
In base 16, what is -9e + -1a6?
-244
In base 7, what is 14 + 1032512?
1032526
In base 2, what is -1101111001101000 - 100?
-1101111001101100
In base 6, what is 541 - 12505?
-11524
In base 15, what is -6c439 + 5?
-6c434
In base 16, what is -5 + 54b?
546
In base 9, what is 11 + 18757?
18768
In base 3, what is -11 - -100102012121?
100102012110
In base 2, what is 100 + -10111100010111?
-10111100010011
In base 12, what is -4 + 2b99?
2b95
In base 14, what is -17c23 - -6?
-17c1b
In base 6, what is -254410 + -1?
-254411
In base 9, what is 8541 - -61?
8612
In base 5, what is -3 + -41244?
-41302
In base 13, what is 3472 + 5?
3477
In base 3, what is -2101020112010 - -1?
-2101020112002
In base 15, what is 244 + -50?
1e4
In base 11, what is -115 - 17?
-131
In base 8, what is -1177 - -3117?
1720
In base 11, what is -5 + 1a3733?
1a3729
In base 14, what is 0 + 65357?
65357
In base 8, what is -1 - 24720?
-24721
In base 4, what is -231131221 + -3?
-231131230
In base 4, what is -2132021 + -1202?
-2133223
In base 6, what is 2212 - -20?
2232
In base 6, what is 2544 + 2034?
5022
In base 11, what is -43469 - 36?
-434a4
In base 16, what is -5 + -6ce0b?
-6ce10
In base 9, what is -14 + 8440?
8425
In base 4, what is 221200212 - -11?
221200223
In base 4, what is -1032202 + -130?
-1032332
In base 9, what is 258 + 24?
283
In base 14, what is -46b1c - -5?
-46b17
In base 7, what is 1425 + 3366?
5124
In base 11, what is 3 - -8a6?
8a9
In base 11, what is -226 + -9?
-234
In base 13, what is 5 + 6158?
6160
In base 4, what is 2103203 + 23?
2103232
In base 3, what is -221 - -10101012?
10100021
In base 13, what is -4 - b55?
-b59
In base 5, what is -1220030 + 304?
-1214221
In base 14, what is 3763 + 1b?
3780
In base 8, what is -65 + -1436?
-1523
In base 10, what is 5 + 2593?
2598
In base 12, what is 1b + 15110?
1512b
In base 15, what is -19389 + 6?
-19383
In base 15, what is 0 + 22b0e?
22b0e
In base 4, what is -12300 + -1220?
-20120
In base 9, what is 548 + 164?
723
In base 12, what is 199 + 60?
239
In base 4, what is -1 - 11033000?
-11033001
In base 16, what is -4c868 - 5?
-4c86d
In base 4, what is 1122121133 + -10?
1122121123
In base 12, what is -39a + -26a?
-648
In base 12, what is 146740 + 3?
146743
In base 15, what is -75346 - -4?
-75342
In base 16, what is 871 + 1ab?
a1c
In base 5, what is 3001034 + 11?
3001100
In base 4, what is 13 + 3?
22
In base 15, what is e1 + 7d4?
8c5
In base 6, what is -10505 + -133?
-11042
In base 7, what is 14345422 + 3?
14345425
In base 9, what is 2 + 28384?
28386
In base 4, what is -133 - 121111?
-121310
In base 13, what is -c27 + 9?
-c1b
In base 13, what is 509c4 + -4?
509c0
In base 7, what is -10246621 - -2?
-10246616
In base 2, what is 11111010 - 1001000011101?
-1000100100011
In base 13, what is -1 - -147594?
147593
In base 3, what is -2201 + -1102201211?
-1102211112
In base 5, what is -10342 - -113?
-10224
In base 10, what is 110 + -126?
-16
In base 9, what is 2 - -57340?
57342
In base 16, what is 2 - 148e2?
-148e0
In base 9, what is -5 + 30574?
30568
In base 8, what is 21210 + 303?
21513
In base 6, what is 2 - 1115335?
-1115333
In base 16, what is -9 - 552?
-55b
In base 16, what is -47 - -6dd?
696
In base 6, what is 31403 - 1?
31402
In base 2, what is 10110110111110 - 100?
10110110111010
In base 8, what is -15000 + -227?
-15227
In base 6, what is -21241 + 11?
-21230
In base 15, what is -5 - -564e?
5649
In base 12, what is 1155 - -25a?
13b3
In base 14, what is -3 + -a4c?
-a51
In base 6, what is 0 - 2520224?
-2520224
In base 3, what is -20111 - -10212?
-2122
In base 9, what is 262 - -32?
304
In base 10, what is -5 + -1218?
-1223
In base 4, what is 111133 + -10001?
101132
In base 9, what is -16 + -18281?
-18307
In base 8, what is -61 - 152050?
-152131
In base 9, what is 7146 - -50?
7206
In base 6, what is -34 + -2034?
-2112
In base 12, what is 23811 + 75?
23886
In base 13, what is 518c2 + -1?
518c1
In base 16, what is 5 + -42d1d?
-42d18
In base 6, what is 1315350 - -2?
1315352
In base 6, what is 45 - 4413?
-4324
In base 14, what is c - -112840?
11284c
In base 4, what is -112003 + -1121?
-113130
In base 12, what is 2 - -757a?
7580
In base 8, what is 35 - -1566?
1623
In base 15, what is -3 + -91ac?
-91b0
In base 8, what is -15371 - -24?
-15345
In base 11, what is 388166 - -1?
388167
In base 13, what is -19c92 - 11?
-19ca3
In base 2, what is -101101100001 + -1?
-101101100010
In base 4, what is -110201010 - 2?
-110201012
In base 16, what is 2 - -f0c6?
f0c8
In base 12, what is 4 - -4405?
4409
In base 2, what is 10 - -1111000000110011?
1111000000110101
In base 6, what is 2231243 - -24?
2231311
In base 14, what is -4da - 7?
-503
In base 11, what is -34a1a + -6?
-34a25
In base 10, what is -6 + 7751?
7745
In base 7, what is 2332 - -2?
2334
In base 2, what is -110100111010011110101 + -101?
-110100111010011111010
In base 8, what is -567 - 1711?
-2500
In base 7, what is -20 - -243?
223
In base 7, what is 13 - -2544?
2560
In base 4, what is -31303131 - 102?
-31303233
In base 9, what is 5817 - -1205?
7123
In base 11, what is -2974 + -2a?
-29a3
In base 12, what is 2 + 31a63?
31a65
In base 8, what is 1 - 4336?
-4335
In base 12, what is 5 - -40b43?
40b48
In base 4, what is -23303 - 2211?
-32120
In base 7, what is -5 - 1362?
-1400
In base 9, what is -7512 - -41?
-7461
In base 6, what is 33412011 + 2?
33412013
In base 8, what is 21 + 426565?
426606
In base 13, what is a88a + -1?
a889
In base 5, what is -1213113 - -30?
-1213033
In base 13, what is -9b9 + -1b0?
-b99
In base 4, what is 20222013311 + 1?
20222013312
In base 10, what is 349701 + -1?
349700
In base 11, what is 16326 + -3?
16323
In base 13, what is -abbb + 8?
-abb3
In base 2, what is 110001010001101 + -1101?
110001010000000
In base 8, what is -24 + 54436?
54412
In base 5, what is 100204 + 33?
100242
In base 16, what is 4da - 2a4?
236
In base 14, what is 4 + -302ca?
-302c6
In base 16, what is -127 + 1b?
-10c
In base 5, what is -2144 + 30002?
22303
In base 15, what is -5496 + 6?
-5490
In base 5, what is -413202 + -4?
-413211
In base 12, what is -3 + 1027b0?
1027a9
In base 14, what is -6878 - -c?
-686a
In base 14, what is 5 - -164cd?
164d4
In base 2, what is -1000110111010001 + -10?
-1000110111010011
In base 14, what is 45adc + -2?
45ada
In base 4, what is -11 + 1013223?
1013212
In base 9, what is 125 - 6121?
-5885
In base 14, what is -92b - 79?
-9a6
In base 3, what is 101120110 - 102222?
101010111
In base 5, what is -10214 + -2424?
-13143
In base 11, what is -342a7 + 3?
-342a4
In base 4, what is 1 + 10133311?
10133312
In base 14, what is 455dd + 0?
455dd
In base 4, what is 1322023 - 2?
1322021
In base 10, what is -241 - -742?
501
In base 4, what is -223 + -10010320?
-10011203
In base 7, what is 404 + -212?
162
In base 8, what is 735 + -2523?
-1566
In base 5, what is 1314 + 34?
1403
In base 2, what is 111010011001000110100 + -11?
111010011001000110001
In base 16, what is -c6 - 176?
-23c
In base 8, what is -760 + 140?
-620
In base 7, what is -64 + 1040?
643
In base 13, what is 2 + bbb4?
bbb6
In base 13, what is -1 - 7626?
-7627
In base 8, what is -7152 + 2?
-7150
In base 12, what is 0 - 818a8?
-818a8
In base 8, what is -10770 + 50?
-10720
In base 4, what is 33221332 + -3?
33221323
In base 3, what is -1111000 - -122?
-1110101
In base 7, what is 2 + 1006601?
1006603
In base 14, what is 1 + 97d50?
97d51
In base 14, what is -188 + 91?
-d7
In base 3, what is -110020111 + 2101?
-110011010
In base 15, what is 2ae - eb9?
-c0a
In base 13, what is 124 - 8c75?
-8b51
In base 10, what is 39 + -45?
-6
In base 14, what is -14a - -13da?
1290
In base 3, what is -221101210 - 110?
-221102020
In base 8, what is -536012 + -22?
-536034
In base 15, what is 48 - 5?
43
In base 14, what is -3d - 13a?
-179
In base 6, what is -31311 - -243?
-31024
In base 16, what is -466fd4 + 4?
-466fd0
In base 6, what is 452 - 501042?
-500150
In base 7, what is -1165 + 3144?
1646
In base 9, what is 78 - 15326?
-15237
In base 11, what is -2 + -5757?
-5759
In base